 Determine t(9).
11
Let y(w) = w**3 + 8*w**2 - 4*w + 7. What is y(-9)?
-38
Let d(o) = 14*o**2 + 3*o + 2. Give d(-1).
13
Let z(y) = -6*y - 159. Calculate z(-27).
3
Let p(h) = -h - 46. Give p(-8).
-38
Let m(b) = -39*b - 439. What is m(-11)?
-10
Let w(d) = d**2 - 9*d + 3. Give w(8).
-5
Let q(a) = -2*a**2 - a + 4. Determine q(0).
4
Let s(f) = f**3 - 14*f**2 + 11*f + 6. Give s(13).
-20
Let z(j) = j**3 + 10*j**2 + 13*j + 22. Determine z(-9).
-14
Let n(v) = v**3 + 35*v**2 - 76*v - 64. Give n(-37).
10
Let x(d) = 70*d - 341. What is x(5)?
9
Let n(b) = 2*b + 14. Give n(-4).
6
Let g(b) = -b + 19. Calculate g(0).
19
Let r(h) = -h**2 + 30*h - 177. Give r(21).
12
Let v(h) = 2*h**2 + 73*h + 142. What is v(-2)?
4
Let c(g) = 42*g - 1. Determine c(-1).
-43
Let w(u) = -u**2 - 1. Determine w(0).
-1
Let k(r) = r**3 - 3*r**2 - 2*r - 3. Determine k(5).
37
Let v(g) = 2*g**2 - 15*g + 3. Determine v(7).
-4
Let n(f) = -37*f - 7. Determine n(2).
-81
Let z(k) = -2*k + 19. Calculate z(6).
7
Let t(z) = -z**2 + 7*z + 3. Calculate t(8).
-5
Let k(q) = -12*q - 14. Give k(-5).
46
Let w(p) = p**2 - 8*p - 1. Calculate w(6).
-13
Let w(l) = -15*l + 1. Determine w(2).
-29
Let q(n) = -3*n. What is q(-2)?
6
Let w(p) = -p**3 - 6*p**2 + 3*p. What is w(-6)?
-18
Let o(t) = -4*t + 1. Determine o(-4).
17
Let c(s) = 9*s - 1. Give c(1).
8
Let w(d) = 2*d**2 + 5*d + 2. What is w(-5)?
27
Let a(m) = -m**2 + 33*m - 10. Calculate a(24).
206
Let d(w) = 10*w + 181. What is d(-19)?
-9
Let z(o) = -7*o - 39. Calculate z(-5).
-4
Let v(s) = s - 21. What is v(26)?
5
Let f(d) = -6*d - 18. Give f(6).
-54
Let p(s) = 29*s - 181. Calculate p(6).
-7
Let g(n) = -6*n**2 - 4*n - 2. What is g(3)?
-68
Let s(f) = f**3 + 7*f**2 + 6*f - 15. What is s(-4)?
9
Let x(c) = -c**3 - 5*c**2 + 5*c - 15. Calculate x(-6).
-9
Let i(k) = -27*k + 4. Give i(-2).
58
Let b(f) = -f**3 + 16*f**2 - 27*f - 18. Determine b(14).
-4
Let k(b) = b**2 - 4*b + 10. Calculate k(8).
42
Let m(u) = 6*u**2 - 135*u - 77. Calculate m(23).
-8
Let z(k) = -k**3 - 20*k**2 - 13*k + 16. Give z(-19).
-98
Let f(t) = t**2 + t - 7. Give f(0).
-7
Let b(l) = -19*l + 477. Calculate b(25).
2
Let s(j) = j - 35. Give s(12).
-23
Let u(c) = 2*c**3 - c**2 + c + 2. What is u(-1)?
-2
Let k(b) = b**3 + 9*b**2 + 7*b - 12. What is k(-7)?
37
Let a(y) = -4*y - 17. Determine a(-12).
31
Let y(v) = -2*v - 8. Determine y(6).
-20
Let p(w) = -w**3 + 54*w**2 - 3*w + 157. Calculate p(54).
-5
Let m(f) = f**2 - 8*f + 8. Calculate m(7).
1
Let r(m) = -2*m**2 + 2*m - 9. What is r(2)?
-13
Let k(b) = b**2 + 27*b + 159. Determine k(-8).
7
Let s(y) = -y**2 + 8*y - 2. Determine s(12).
-50
Let d(u) = -u**3 - 14*u**2 - 2*u - 24. Give d(-14).
4
Let m(z) = 2*z**2 - 12*z - 14. Give m(6).
-14
Let k(g) = -g**3 - 18*g**2 + 21*g + 31. What is k(-19)?
-7
Let c(w) = -w**3 + 2*w**2 + 2*w + 1. Calculate c(2).
5
Let c(i) = 4*i**3 + 2*i**2 + i - 2. Calculate c(1).
5
Let o(k) = -24*k. What is o(-3)?
72
Let o(p) = -12*p - 76. Give o(-7).
8
Let m(s) = -s**2 + 2*s - 103. Give m(0).
-103
Let b(q) = -q**2 + 42*q - 267. Give b(34).
5
Let h(c) = -40*c + 244. Give h(6).
4
Let d(u) = -u**3 + 3*u**2 + 4*u + 8. Give d(5).
-22
Let z(c) = -14*c + 4. Determine z(2).
-24
Let q(y) = -y**3 + 8*y**2 + 10*y - 9. Give q(9).
0
Let a(g) = g**2 + 11*g + 11. Calculate a(-6).
-19
Let l(z) = 7*z - 54. Calculate l(8).
2
Let k(r) = -29*r + 6. Give k(1).
-23
Let u(c) = -26*c + 62. What is u(4)?
-42
Let n(x) = -x**2 - x + 8. Calculate n(0).
8
Let y(c) = -c**3 + 5*c**2 - c + 3. Determine y(5).
-2
Let f(v) = -2*v**3 - 25*v**2 + 16*v + 20. Determine f(-13).
-19
Let h(j) = j**3 + 18*j**2 + 9*j - 2. Give h(-17).
134
Let v(j) = 7*j**3 - 2*j**2 - 4*j + 5. Calculate v(1).
6
Let w(y) = -6*y**2 + 23*y - 18. Determine w(3).
-3
Let u(m) = 3*m - 18. Determine u(3).
-9
Let v(a) = -6*a**3 - a**2 - a + 1. Determine v(1).
-7
Let l(k) = -2*k**3 - 2*k**2 - 7*k + 2. Determine l(-2).
24
Let f(g) = -7*g + 157. Calculate f(23).
-4
Let z(k) = -k**2 - 7*k + 6. What is z(-6)?
12
Let g(j) = 18*j + 26. Give g(-1).
8
Let v(n) = n**3 + 8*n**2 - 7*n + 11. Calculate v(-9).
-7
Let q(i) = 2*i - 1. Determine q(-4).
-9
Let v(p) = p**3 - 4*p**2 - 3*p - 4. Determine v(4).
-16
Let n(m) = m**3 - 7*m**2 - 9*m + 8. What is n(8)?
0
Let q(s) = 2*s - 12. Calculate q(3).
-6
Let w(o) = o**3 - 8*o**2 - o - 4. Give w(8).
-12
Let t(b) = -11*b - 17. Calculate t(0).
-17
Let g(q) = -160*q**3 + q**2 + q. Give g(-1).
160
Let s(c) = -c**3 - 4*c**2 + 14*c + 9. What is s(-4)?
-47
Let d(u) = u**3 + 7*u**2 + 5*u + 5. Give d(-6).
11
Let m(p) = p**3 - 9*p**2 + 8*p + 39. What is m(7)?
-3
Let n(p) = -p**2 + 3*p - 5. Calculate n(4).
-9
Let q(b) = -b**2 + 10*b - 1. Determine q(10).
-1
Let v(m) = -m**2 + 21*m + 8. What is v(15)?
98
Let g(j) = j**3 - 12*j**2 + 31*j. Determine g(8).
-8
Let u(f) = f**3 + 7*f**2 + 2*f + 6. Calculate u(-5).
46
Let t(o) = 2*o**3 + 8*o**2 - 19*o - 41. Determine t(-5).
4
Let v(z) = z**3 - 2*z - 1. What is v(4)?
55
Let s(q) = -2*q + 10. What is s(2)?
6
Let z(h) = -6*h + 61. Determine z(13).
-17
Let v(u) = u**3 - 2*u**2 + 5*u - 1. Calculate v(2).
9
Let y(m) = m**2 - 10*m + 11. Calculate y(8).
-5
Let q(x) = -2*x**2 + 5*x - 4. Determine q(2).
-2
Let x(r) = -r**3 + r**2 - r - 6. What is x(0)?
-6
Let k(t) = -t**2 - t - 25. What is k(0)?
-25
Let n(u) = -94*u + 6. Give n(1).
-88
Let s(k) = k**3 - 5*k**2 - k + 1. Calculate s(5).
-4
Let s(q) = 2*q**2 - 5*q - 2. Determine s(2).
-4
Let p(i) = i. What is p(6)?
6
Let z(n) = -n**2 - 7*n - 16. Give z(-4).
-4
Let r(u) = -u + 2. Determine r(1).
1
Let m(y) = 43*y + 195. Determine m(-5).
-20
Let k(y) = -y**3 + 17*y**2 - 33*y + 56. Give k(15).
11
Let n(p) = -8*p + 5. Calculate n(4).
-27
Let m(g) = g**2 - 7*g - 3. What is m(8)?
5
Let v(x) = -x**3 + 10*x**2 - 2*x - 1. Calculate v(10).
-21
Let q(j) = -4*j**2 + 4*j + 7. Determine q(3).
-17
Let h(a) = a**3 + 14*a**2 + a + 4. What is h(-14)?
-10
Let g(z) = -z**2 - 12*z - 7. Determine g(-5).
28
Let f(b) = -b**3 - 10*b**2 - 11*b - 11. Determine f(-9).
7
Let a(y) = -y**3 + y**2 - 3*y + 1. Calculate a(2).
-9
Let o(n) = n**3 - 7*n**2 + 4*n + 10. Determine o(6).
-2
Let s(l) = l**3 + 7*l**2 + 6*l - 7. Determine s(-7).
-49
Let p(n) = -2*n**2 + 1. What is p(2)?
-7
Let f(s) = s**2 - 27*s + 32. Determine f(23).
-60
Let m(s) = s**3 - 12*s**2 - 26*s + 9. What is m(14)?
37
Let g(z) = 18*z + 44. What is g(-3)?
-10
Let d(k) = k**3 - 3*k**2 - 6*k - 3. Calculate d(-2).
-11
Let r(z) = 20*z**3 - z. Determine r(1).
19
Let n(f) = -f + 4. Determine n(18).
-14
Let h(b) = b**2 - b - 12. Give h(-3).
0
Let o(v) = 76*v + 229. Calculate o(-3).
1
Let h(j) = j**3 + 6*j**2 - 7*j - 3. Give h(-7).
-3
Let d(x) = -2*x**2 - 43*x - 54. Determine d(-20).
6
Let x(f) = 20*f**2 + 321*f + 10. What is x(-16)?
-6
Let p(w) = -35*w**3 - w**2. Determine p(-1).
34
Let v(q) = -q**3 + q - 15. Determine v(0).
-15
Let i(c) = -20*c**2 - 25*c - 1. Give i(-1).
4
Let k(a) = 3*a + 70. What is k(-23)?
1
Let t(r) = r**2 + 4*r - 27. Determine t(-12).
69
Let p(y) = -y + 6. What is p(7)?
-1
Let z(h) = h**3 + 7*h**2 + 7*h - 4. Give z(-6).
-10
Let j(x) = -8*x + 37. What is j(6)?
-11
Let q(a) = -a**2 - 5*a + 16. Give q(-11).
-50
Let j(c) = c**2 - 6*c + 1. Determine j(5).
-4
Let z(b) = -14*b**2. Calculate z(1).
-14
Let l(x) = x + 26. What is l(-12)?
14
Let a(o) = -o**3 - 6*o**2 + 9*o + 17. Determine a(-7).
3
Let j(r) = -9*r - 119. Give j(-21).
70
Let l(x) = 4*x - 3. Give l(1).
1
Let g(z) = -z**3 - 14*z**2 + z + 15. Calculate g(-14).
1
Let k(a) = -10*a + 3. What is k(2)?
-17
Let n(t) = -30*t - 56. Determine n(-2).
4
Let l(o) = 4*o - 34. Determine l(8).
-2
Let s(u) = -u**2 + 8*u + 10. Determine s(9).
1
Let w(b) = -b**3 + 5*b**2 - 11*b + 8. Determine w(5).
-47
Let v(f) = -4*f - 36. Determine v(-11).
8
Let g(x) = 4*x - 7. Give g(-2).
-15
Let d(g) = -3*g + 15. Calculate d(12).
-21
Let u(f) = -3*f**3 - 18*f**2. Calculate u(-6).
0
Let s(w) = 14*w + 10. Determine s(-1).
-4
Let m(i) = 6*i**2 + 4*i + 8. What is m(-4)?
88
Let d(u) = -2*u**3 - 3*u**2 + 5*u - 4. Determine d(-3).
8
Let f(c) = 4*c + 8. Calculate f(-3).
-4
Let q(z) = 2*z**2 - z + 5. Give q(4).
33
Let o(f) = 3*f - 32. Calculate o(13).
7
Let v(l) = l**3 + 13*l**2 - 4*l - 18. Calculate v(-13).
34
Let x(m) = -m**3 - 21*m**2 + 48*m + 21. Determine x(-23).
-25
Let g(p) = -p**3 - 5*p**2 + 7*p. Calculate g(-6).
-6
Let f(s) = -2*